9 a prime number?
True
Is 7669 a prime number?
True
Is 119753 a prime number?
False
Is 36209 prime?
True
Is 162109 a composite number?
False
Is 1883 a composite number?
True
Is 32743 a prime number?
False
Is 9299 a composite number?
True
Is 136567 a prime number?
False
Is 52981 composite?
False
Is 120671 prime?
True
Is 2819 composite?
False
Is 2549491 composite?
True
Is 1003 a prime number?
False
Is 868151 a prime number?
True
Is 7789 composite?
False
Is 14029 a prime number?
True
Is 1605509 prime?
True
Is 96553 composite?
False
Is 104905 prime?
False
Is 28346 prime?
False
Is 168121 composite?
True
Is 181711 composite?
False
Is 296473 prime?
True
Is 107411 composite?
True
Is 16667 a composite number?
True
Is 3227009 a prime number?
True
Is 61837 composite?
False
Is 108497 a prime number?
True
Is 58939 a composite number?
True
Is 12499 a composite number?
True
Is 882629 a prime number?
False
Is 2293 a composite number?
False
Is 1393793 a composite number?
True
Is 54543 a composite number?
True
Is 119797 composite?
False
Is 151457 prime?
False
Is 272863 a composite number?
False
Is 8176651 composite?
True
Is 305471 a prime number?
True
Is 4661 composite?
True
Is 458291 a prime number?
False
Is 2340659 a prime number?
True
Is 23447 composite?
False
Is 109199 composite?
False
Is 20597 a composite number?
True
Is 112321 a prime number?
False
Is 15101 a prime number?
True
Is 61207 prime?
False
Is 81115 a composite number?
True
Is 881917 a prime number?
True
Is 142087 a composite number?
True
Is 743541 prime?
False
Is 90053 prime?
True
Is 3949 composite?
True
Is 7151 prime?
True
Is 1193 composite?
False
Is 5639 a prime number?
True
Is 1907 composite?
False
Is 215 a prime number?
False
Is 10589 prime?
True
Is 12199 composite?
True
Is 53479 prime?
True
Is 971 prime?
True
Is 113587 a composite number?
True
Is 409099 prime?
True
Is 1181281 a prime number?
True
Is 301199 prime?
False
Is 210703 a prime number?
False
Is 195401 prime?
True
Is 84589 a composite number?
False
Is 34403 composite?
False
Is 107287 a composite number?
True
Is 2051 prime?
False
Is 43141 a composite number?
True
Is 1492609 composite?
True
Is 1779 prime?
False
Is 138611 a composite number?
True
Is 145997 a prime number?
False
Is 16349 a composite number?
False
Is 11227 composite?
True
Is 20642 a composite number?
True
Is 339833 composite?
True
Is 2399131 a composite number?
True
Is 153191 composite?
False
Is 136463 a composite number?
False
Is 1191467 a composite number?
True
Is 4393 prime?
False
Is 295 composite?
True
Is 6599 prime?
True
Is 152879 composite?
False
Is 1973 composite?
False
Is 8879 composite?
True
Is 8581 prime?
True
Is 64789 a composite number?
True
Is 2195 prime?
False
Is 2819 composite?
False
Is 2298887 a prime number?
True
Is 2729 composite?
False
Is 155921 a prime number?
True
Is 36311 composite?
True
Is 1043 a prime number?
False
Is 133801 a prime number?
True
Is 34601 prime?
False
Is 100787 composite?
False
Is 14107 a composite number?
False
Is 58309 a composite number?
False
Is 27457 a composite number?
False
Is 588269 composite?
True
Is 1369 composite?
True
Is 28781 a prime number?
False
Is 2147 a composite number?
True
Is 121787 a prime number?
True
Is 262473 composite?
True
Is 42857 composite?
True
Is 485 prime?
False
Is 36021 prime?
False
Is 11581 composite?
True
Is 1009 a prime number?
True
Is 22141 a prime number?
False
Is 31199 a composite number?
True
Is 1781129 composite?
True
Is 36589 prime?
False
Is 4177 prime?
True
Is 984539 prime?
True
Is 178457 prime?
False
Is 4117 prime?
False
Is 21667 composite?
True
Is 432959 prime?
True
Is 10771 composite?
False
Is 302383 prime?
False
Is 8927 a prime number?
False
Is 10243 prime?
True
Is 93661 composite?
True
Is 184051 a prime number?
False
Is 16495 prime?
False
Is 85973 prime?
False
Is 9041 a prime number?
True
Is 2173939 a composite number?
True
Is 898063 prime?
True
Is 255043 prime?
True
Is 781039 a prime number?
False
Is 862 prime?
False
Is 52243 a prime number?
False
Is 1232377 a composite number?
False
Is 12889 prime?
True
Is 11957 a composite number?
True
Is 50017 prime?
False
Is 21647 composite?
False
Is 27673 composite?
False
Is 29663 composite?
False
Is 128965 a composite number?
True
Is 1905257 prime?
True
Is 8114 a composite number?
True
Is 1903501 prime?
True
Is 126101 a composite number?
True
Is 2159 composite?
True
Is 4594177 a composite number?
True
Is 1319 prime?
True
Is 146353 a composite number?
True
Is 20219 a prime number?
True
Is 247913 prime?
True
Is 10831 composite?
False
Is 18461 prime?
True
Is 3151 composite?
True
Is 347359 composite?
False
Is 3967 a prime number?
True
Is 28369 a composite number?
True
Is 59999 prime?
True
Is 71605 a prime number?
False
Is 376783 a composite number?
True
Is 1171 prime?
True
Is 51251 composite?
True
Is 10799 prime?
True
Is 9874 a composite number?
True
Is 4574 prime?
False
Is 69539 composite?
False
Is 1903927 composite?
True
Is 52493 composite?
True
Is 239419 a prime number?
False
Is 771349 prime?
True
Is 1184347 prime?
True
Is 379717 composite?
True
Is 8513 composite?
False
Is 324421 composite?
True
Is 70687 prime?
True
Is 7373 prime?
False
Is 11393 prime?
True
Is 1100401 a prime number?
False
Is 104071 a composite number?
True
Is 22955 composite?
True
Is 2232331 a composite number?
True
Is 5507 prime?
True
Is 9115 prime?
False
Is 3973 a prime number?
False
Is 94699 a prime number?
False
Is 47921 a prime number?
False
Is 1337 prime?
False
Is 2003 a composite number?
False
Is 8221 a composite number?
False
Is 117101 composite?
False
Is 235753 a prime number?
False
Is 14783 a composite number?
False
Is 3797 a prime number?
True
Is 276382 a prime number?
False
Is 869 a composite number?
True
Is 101539 composite?
True
Is 210333 prime?
False
Is 2661 a prime number?
False
Is 6259651 a composite number?
False
Is 382573 a composite number?
True
Is 23857 a composite number?
False
Is 218873 prime?
True
Is 1259 prime?
True
Is 81593 a composite number?
True
Is 836273 composite?
True
Is 207449 composite?
True
Is 39041 a prime number?
True
Is 40343 a prime number?
True
Is 2579 composite?
False
Is 83653 prime?
True
Is 405971 a prime number?
False
Is 30867 prime?
False
Is 130583 prime?
False
Is 5039 prime?
True
Is 745343 prime?
True
Is 120103 a composite number?
False
Is 519067 a prime number?
True
Is 4177 a prime number?
True
Is 986231 a composite number?
True
Is 1112413 composite?
False
Is 445 a prime number?
False
Is 520259 a prime number?
False
Is 611463 a composite number?
True
Is 401771 composite?
False
Is 356549 composite?
False
Is 4442 a composite number?
True
Is 2099 a prime number?
True
Is 124427 composite?
False
Is 2161409 prime?
True
Is 8611 a composite number?
True
Is 81791 prime?
False
Is 11699 composite?
False
Is 25793 a prime number?
True
Is 66667 a composite number?
True
Is 497366 a composite number?
True
Is 4083 composite?
True
Is 929966 a prime number?
False
Is 377963 a prime number?
True
Is 6401 composite?
True
Is 1509803 a prime number?
False
Is 1320061 a prime number?
True
Is 12757 a composite number?
False
Is 178 composite?
True
Is 22613 composite?
False
Is 201329 composite?
False
Is 1312765 a composite number?
True
Is 52501 composite?
False
Is 17783 composite?
False
Is 76631 composite?
False
Is 429821 a prime number?
False
Is 4499 a prime number?
False
Is 710081 composite?
False
Is 11863 a prime number?
True
Is 17426 a prime number?
False
Is 3299 composite?
False
Is 104011 a composite number?
True
Is 8257 a prime number?
False
Is 595687 a composite number?
False
Is 158437 composite?
True
Is 2449 a composite number?
True
Is 118831 prime?
True
Is 652699 a composite number?
False
Is 5203047 a composite number?
True
Is 2561665 prime?
False
Is 13841 prime?
True
Is 49097 prime?
False
Is 114593 a prime number?
True
Is 573329 a prime number?
True
Is 480707 a prime number?
True
Is 10637 a prime number?
False
Is 32957 a prime number?
True
Is 3695 a composite number?
True
Is 185021 a prime number?
True
Is 130793 a composite number?
True
Is 763513 composite?
False
Is 82191 prime?
False
Is 446494 a composite number?
True
Is 1829197 a composite number?
False
Is 1097 composite?
False
Is 993189 composite?
True
Is 2486019 composite?
True
Is 93281 composi